{"id":1873,"date":"2021-01-01T18:09:45","date_gmt":"2021-01-01T18:09:45","guid":{"rendered":"https:\/\/travel2.chipmunk.ch\/?page_id=1873"},"modified":"2021-01-02T10:18:58","modified_gmt":"2021-01-02T10:18:58","slug":"destinations","status":"publish","type":"page","link":"https:\/\/travel2.chipmunk.ch\/?page_id=1873","title":{"rendered":"Destinations"},"content":{"rendered":"\n<p>Hier eine \u00dcbersicht aller besuchter L\u00e4nder mit Verlinkungen zu den passenden Blogbeitr\u00e4gen.<\/p>\n\n\n<div class=\"map_wrapper\" id=\"map_wrapper_1807\">\n\t\t\t\t<div class=\"map_box\" style=\"max-width:2200px\">\n\t\t\t\t\t\n\t\t\t\t\t<div class=\"map_aspect_ratio\" style=\"padding-top:56%\">\n\t\t\t\t\t\t<div class=\"map_container\">\n\t\t\t\t\t\t\t<div class=\"map_render map_loading\" id=\"map_1807\"><\/div>\n\t\t\t\t\t\t<\/div>\n\t\t\t\t\t<\/div>\n\t\t\t\t<\/div>\n\t\t\t<\/div>\n","protected":false},"excerpt":{"rendered":"<p>Hier eine \u00dcbersicht aller besuchter L\u00e4nder mit Verlinkungen zu den passenden Blogbeitr\u00e4gen.<\/p>\n","protected":false},"author":2,"featured_media":1936,"parent":0,"menu_order":0,"comment_status":"closed","ping_status":"closed","template":"","meta":[],"_links":{"self":[{"href":"https:\/\/travel2.chipmunk.ch\/index.php?rest_route=\/wp\/v2\/pages\/1873"}],"collection":[{"href":"https:\/\/travel2.chipmunk.ch\/index.php?rest_route=\/wp\/v2\/pages"}],"about":[{"href":"https:\/\/travel2.chipmunk.ch\/index.php?rest_route=\/wp\/v2\/types\/page"}],"author":[{"embeddable":true,"href":"https:\/\/travel2.chipmunk.ch\/index.php?rest_route=\/wp\/v2\/users\/2"}],"replies":[{"embeddable":true,"href":"https:\/\/travel2.chipmunk.ch\/index.php?rest_route=%2Fwp%2Fv2%2Fcomments&post=1873"}],"version-history":[{"count":4,"href":"https:\/\/travel2.chipmunk.ch\/index.php?rest_route=\/wp\/v2\/pages\/1873\/revisions"}],"predecessor-version":[{"id":1880,"href":"https:\/\/travel2.chipmunk.ch\/index.php?rest_route=\/wp\/v2\/pages\/1873\/revisions\/1880"}],"wp:featuredmedia":[{"embeddable":true,"href":"https:\/\/travel2.chipmunk.ch\/index.php?rest_route=\/wp\/v2\/media\/1936"}],"wp:attachment":[{"href":"https:\/\/travel2.chipmunk.ch\/index.php?rest_route=%2Fwp%2Fv2%2Fmedia&parent=1873"}],"curies":[{"name":"wp","href":"https:\/\/api.w.org\/{rel}","templated":true}]}}