{"id":1890,"date":"2021-01-01T20:02:24","date_gmt":"2021-01-01T20:02:24","guid":{"rendered":"https:\/\/travel2.chipmunk.ch\/?page_id=1890"},"modified":"2021-01-02T11:39:37","modified_gmt":"2021-01-02T11:39:37","slug":"europe","status":"publish","type":"page","link":"https:\/\/travel2.chipmunk.ch\/?page_id=1890","title":{"rendered":"Europe"},"content":{"rendered":"\r\n\t\t<div class=\"bdp-post-grid-main bdp-design-2 bdpgrid-3 bdp-clearfix\">\t\t\t\r\n\t\t\t<div class=\"bdp-post-grid  bdp-medium-4 bdp-columns  bdp-first\">\t\t\r\n\t<div class=\"bdp-post-grid-content bdp-no-thumb-image\">\r\n\t\t\t\t<div class=\"bdp-post-margin-content\">\r\n\t\t\t\r\n\t\t\t<h2 class=\"bdp-post-title\">\r\n\t\t\t\t<a href=\"https:\/\/travel2.chipmunk.ch\/?p=159\">Cambridge &#8211; Tag 14 (03.10.2015)<\/a>\r\n\t\t\t<\/h2>\r\n\r\n\t\t\t\t\t\t\t<div class=\"bdp-post-meta\">\r\n\t\t\t\t\t\t\t\t\t\t\t\t\t\t\t\t\t\t\t\t\t<span class=\"bdp-post-meta-innr bdp-time\"> 3. Oktober 2015 <\/span>\r\n\t\t\t\t\t\t\t\t\t\t\t\t\t\t\t\t\t\t\t<\/div>\r\n\t\t\t\t\t\t\t<div class=\"bdp-post-content\">\r\n\t\t\t\t\t<div class=\"bdp-post-short-content\">Goodbye! Heute war unser absolut aller letzte Tag in Cambridge. Obwohl es eigentlich nicht einmal mehr ein ganzer Tag war....<\/div>\r\n\t\t\t\t\t\t\t\t\t\t\t<a href=\"https:\/\/travel2.chipmunk.ch\/?p=159\" class=\"bdp-readmorebtn\">Weiterlesen<\/a>\r\n\t\t\t\t\t\t\t\t\t<\/div>\r\n\t\t\t\t\t<\/div>\r\n\t<\/div>\r\n<\/div><div class=\"bdp-post-grid  bdp-medium-4 bdp-columns \">\t\t\r\n\t<div class=\"bdp-post-grid-content bdp-no-thumb-image\">\r\n\t\t\t\t<div class=\"bdp-post-margin-content\">\r\n\t\t\t\r\n\t\t\t<h2 class=\"bdp-post-title\">\r\n\t\t\t\t<a href=\"https:\/\/travel2.chipmunk.ch\/?p=161\">Cambridge &#8211; Tag 13 (02.10.2015)<\/a>\r\n\t\t\t<\/h2>\r\n\r\n\t\t\t\t\t\t\t<div class=\"bdp-post-meta\">\r\n\t\t\t\t\t\t\t\t\t\t\t\t\t\t\t\t\t\t\t\t\t<span class=\"bdp-post-meta-innr bdp-time\"> 2. Oktober 2015 <\/span>\r\n\t\t\t\t\t\t\t\t\t\t\t\t\t\t\t\t\t\t\t<\/div>\r\n\t\t\t\t\t\t\t<div class=\"bdp-post-content\">\r\n\t\t\t\t\t<div class=\"bdp-post-short-content\">The last day Heute war der letzte Schultag und ganz allgemein der letzte Tag den wir in Cambridge verbringen w\u00fcrden....<\/div>\r\n\t\t\t\t\t\t\t\t\t\t\t<a href=\"https:\/\/travel2.chipmunk.ch\/?p=161\" class=\"bdp-readmorebtn\">Weiterlesen<\/a>\r\n\t\t\t\t\t\t\t\t\t<\/div>\r\n\t\t\t\t\t<\/div>\r\n\t<\/div>\r\n<\/div><div class=\"bdp-post-grid  bdp-medium-4 bdp-columns \">\t\t\r\n\t<div class=\"bdp-post-grid-content bdp-no-thumb-image\">\r\n\t\t\t\t<div class=\"bdp-post-margin-content\">\r\n\t\t\t\r\n\t\t\t<h2 class=\"bdp-post-title\">\r\n\t\t\t\t<a href=\"https:\/\/travel2.chipmunk.ch\/?p=163\">Cambridge &#8211; Tag 12 (01.10.2015)<\/a>\r\n\t\t\t<\/h2>\r\n\r\n\t\t\t\t\t\t\t<div class=\"bdp-post-meta\">\r\n\t\t\t\t\t\t\t\t\t\t\t\t\t\t\t\t\t\t\t\t\t<span class=\"bdp-post-meta-innr bdp-time\"> 1. Oktober 2015 <\/span>\r\n\t\t\t\t\t\t\t\t\t\t\t\t\t\t\t\t\t\t\t<\/div>\r\n\t\t\t\t\t\t\t<div class=\"bdp-post-content\">\r\n\t\t\t\t\t<div class=\"bdp-post-short-content\">Ein ganz normaler Tag Auch \u00fcber den Donnerstag gibt es nicht viel Spannendes zu berichten. Es war ein ganz normaler...<\/div>\r\n\t\t\t\t\t\t\t\t\t\t\t<a href=\"https:\/\/travel2.chipmunk.ch\/?p=163\" class=\"bdp-readmorebtn\">Weiterlesen<\/a>\r\n\t\t\t\t\t\t\t\t\t<\/div>\r\n\t\t\t\t\t<\/div>\r\n\t<\/div>\r\n<\/div><div class=\"bdp-post-grid  bdp-medium-4 bdp-columns  bdp-first\">\t\t\r\n\t<div class=\"bdp-post-grid-content bdp-no-thumb-image\">\r\n\t\t\t\t<div class=\"bdp-post-margin-content\">\r\n\t\t\t\r\n\t\t\t<h2 class=\"bdp-post-title\">\r\n\t\t\t\t<a href=\"https:\/\/travel2.chipmunk.ch\/?p=165\">Cambridge &#8211; Tag 10 und 11 (29.09. \/ 30.09.2015)<\/a>\r\n\t\t\t<\/h2>\r\n\r\n\t\t\t\t\t\t\t<div class=\"bdp-post-meta\">\r\n\t\t\t\t\t\t\t\t\t\t\t\t\t\t\t\t\t\t\t\t\t<span class=\"bdp-post-meta-innr bdp-time\"> 30. September 2015 <\/span>\r\n\t\t\t\t\t\t\t\t\t\t\t\t\t\t\t\t\t\t\t<\/div>\r\n\t\t\t\t\t\t\t<div class=\"bdp-post-content\">\r\n\t\t\t\t\t<div class=\"bdp-post-short-content\">Unspektakul\u00e4r Da gestern der ganze Tag relativ unspektakul\u00e4r war und sich nichts spezielles ereignete, fasse ich den Dienstag und Mittwoch...<\/div>\r\n\t\t\t\t\t\t\t\t\t\t\t<a href=\"https:\/\/travel2.chipmunk.ch\/?p=165\" class=\"bdp-readmorebtn\">Weiterlesen<\/a>\r\n\t\t\t\t\t\t\t\t\t<\/div>\r\n\t\t\t\t\t<\/div>\r\n\t<\/div>\r\n<\/div><div class=\"bdp-post-grid  bdp-medium-4 bdp-columns \">\t\t\r\n\t<div class=\"bdp-post-grid-content bdp-no-thumb-image\">\r\n\t\t\t\t<div class=\"bdp-post-margin-content\">\r\n\t\t\t\r\n\t\t\t<h2 class=\"bdp-post-title\">\r\n\t\t\t\t<a href=\"https:\/\/travel2.chipmunk.ch\/?p=167\">Cambridge &#8211; Tag 9 (28.09.2015)<\/a>\r\n\t\t\t<\/h2>\r\n\r\n\t\t\t\t\t\t\t<div class=\"bdp-post-meta\">\r\n\t\t\t\t\t\t\t\t\t\t\t\t\t\t\t\t\t\t\t\t\t<span class=\"bdp-post-meta-innr bdp-time\"> 28. September 2015 <\/span>\r\n\t\t\t\t\t\t\t\t\t\t\t\t\t\t\t\t\t\t\t<\/div>\r\n\t\t\t\t\t\t\t<div class=\"bdp-post-content\">\r\n\t\t\t\t\t<div class=\"bdp-post-short-content\">Coiffeur Experiment Irgendwie meint es das Wetter hier in Cambridge gut mit uns. Schon das vierte Mal ist der Himmel...<\/div>\r\n\t\t\t\t\t\t\t\t\t\t\t<a href=\"https:\/\/travel2.chipmunk.ch\/?p=167\" class=\"bdp-readmorebtn\">Weiterlesen<\/a>\r\n\t\t\t\t\t\t\t\t\t<\/div>\r\n\t\t\t\t\t<\/div>\r\n\t<\/div>\r\n<\/div><div class=\"bdp-post-grid  bdp-medium-4 bdp-columns \">\t\t\r\n\t<div class=\"bdp-post-grid-content bdp-no-thumb-image\">\r\n\t\t\t\t<div class=\"bdp-post-margin-content\">\r\n\t\t\t\r\n\t\t\t<h2 class=\"bdp-post-title\">\r\n\t\t\t\t<a href=\"https:\/\/travel2.chipmunk.ch\/?p=169\">Cambridge &#8211; Tag 8 (27.09.2015)<\/a>\r\n\t\t\t<\/h2>\r\n\r\n\t\t\t\t\t\t\t<div class=\"bdp-post-meta\">\r\n\t\t\t\t\t\t\t\t\t\t\t\t\t\t\t\t\t\t\t\t\t<span class=\"bdp-post-meta-innr bdp-time\"> 27. September 2015 <\/span>\r\n\t\t\t\t\t\t\t\t\t\t\t\t\t\t\t\t\t\t\t<\/div>\r\n\t\t\t\t\t\t\t<div class=\"bdp-post-content\">\r\n\t\t\t\t\t<div class=\"bdp-post-short-content\">Punting Gestern war es doch ein bisschen sp\u00e4ter geworden und so freute ich mich schon darauf heute so richtig auszuschlafen....<\/div>\r\n\t\t\t\t\t\t\t\t\t\t\t<a href=\"https:\/\/travel2.chipmunk.ch\/?p=169\" class=\"bdp-readmorebtn\">Weiterlesen<\/a>\r\n\t\t\t\t\t\t\t\t\t<\/div>\r\n\t\t\t\t\t<\/div>\r\n\t<\/div>\r\n<\/div><div class=\"bdp-post-grid  bdp-medium-4 bdp-columns  bdp-first\">\t\t\r\n\t<div class=\"bdp-post-grid-content bdp-no-thumb-image\">\r\n\t\t\t\t<div class=\"bdp-post-margin-content\">\r\n\t\t\t\r\n\t\t\t<h2 class=\"bdp-post-title\">\r\n\t\t\t\t<a href=\"https:\/\/travel2.chipmunk.ch\/?p=171\">Cambridge &#8211; Tag 7 (26.09.2015)<\/a>\r\n\t\t\t<\/h2>\r\n\r\n\t\t\t\t\t\t\t<div class=\"bdp-post-meta\">\r\n\t\t\t\t\t\t\t\t\t\t\t\t\t\t\t\t\t\t\t\t\t<span class=\"bdp-post-meta-innr bdp-time\"> 26. September 2015 <\/span>\r\n\t\t\t\t\t\t\t\t\t\t\t\t\t\t\t\t\t\t\t<\/div>\r\n\t\t\t\t\t\t\t<div class=\"bdp-post-content\">\r\n\t\t\t\t\t<div class=\"bdp-post-short-content\">University of Cambridge Heute war Samstag. Ein guter Tag. Ein Tag zum Ausschlafen. K\u00f6nnte man meinen. Aber weit gefehlt. Als...<\/div>\r\n\t\t\t\t\t\t\t\t\t\t\t<a href=\"https:\/\/travel2.chipmunk.ch\/?p=171\" class=\"bdp-readmorebtn\">Weiterlesen<\/a>\r\n\t\t\t\t\t\t\t\t\t<\/div>\r\n\t\t\t\t\t<\/div>\r\n\t<\/div>\r\n<\/div><div class=\"bdp-post-grid  bdp-medium-4 bdp-columns \">\t\t\r\n\t<div class=\"bdp-post-grid-content bdp-no-thumb-image\">\r\n\t\t\t\t<div class=\"bdp-post-margin-content\">\r\n\t\t\t\r\n\t\t\t<h2 class=\"bdp-post-title\">\r\n\t\t\t\t<a href=\"https:\/\/travel2.chipmunk.ch\/?p=173\">Cambridge &#8211; Tag 6 (25.09.2015)<\/a>\r\n\t\t\t<\/h2>\r\n\r\n\t\t\t\t\t\t\t<div class=\"bdp-post-meta\">\r\n\t\t\t\t\t\t\t\t\t\t\t\t\t\t\t\t\t\t\t\t\t<span class=\"bdp-post-meta-innr bdp-time\"> 25. September 2015 <\/span>\r\n\t\t\t\t\t\t\t\t\t\t\t\t\t\t\t\t\t\t\t<\/div>\r\n\t\t\t\t\t\t\t<div class=\"bdp-post-content\">\r\n\t\t\t\t\t<div class=\"bdp-post-short-content\">Weekend! Als ich am Morgen das Haus verliess, sah es sehr nach Regen aus. Ich war etwas sp\u00e4t dran und...<\/div>\r\n\t\t\t\t\t\t\t\t\t\t\t<a href=\"https:\/\/travel2.chipmunk.ch\/?p=173\" class=\"bdp-readmorebtn\">Weiterlesen<\/a>\r\n\t\t\t\t\t\t\t\t\t<\/div>\r\n\t\t\t\t\t<\/div>\r\n\t<\/div>\r\n<\/div><div class=\"bdp-post-grid  bdp-medium-4 bdp-columns \">\t\t\r\n\t<div class=\"bdp-post-grid-content bdp-no-thumb-image\">\r\n\t\t\t\t<div class=\"bdp-post-margin-content\">\r\n\t\t\t\r\n\t\t\t<h2 class=\"bdp-post-title\">\r\n\t\t\t\t<a href=\"https:\/\/travel2.chipmunk.ch\/?p=175\">Cambridge &#8211; Tag 5 (24.09.2015)<\/a>\r\n\t\t\t<\/h2>\r\n\r\n\t\t\t\t\t\t\t<div class=\"bdp-post-meta\">\r\n\t\t\t\t\t\t\t\t\t\t\t\t\t\t\t\t\t\t\t\t\t<span class=\"bdp-post-meta-innr bdp-time\"> 24. September 2015 <\/span>\r\n\t\t\t\t\t\t\t\t\t\t\t\t\t\t\t\t\t\t\t<\/div>\r\n\t\t\t\t\t\t\t<div class=\"bdp-post-content\">\r\n\t\t\t\t\t<div class=\"bdp-post-short-content\">Von Schule, Universitys und Rugby Als ich erwachte h\u00f6rte ich draussen das Heulen des Windes und Regentropfen prasselten gegen das...<\/div>\r\n\t\t\t\t\t\t\t\t\t\t\t<a href=\"https:\/\/travel2.chipmunk.ch\/?p=175\" class=\"bdp-readmorebtn\">Weiterlesen<\/a>\r\n\t\t\t\t\t\t\t\t\t<\/div>\r\n\t\t\t\t\t<\/div>\r\n\t<\/div>\r\n<\/div><div class=\"bdp-post-grid  bdp-medium-4 bdp-columns  bdp-first\">\t\t\r\n\t<div class=\"bdp-post-grid-content bdp-no-thumb-image\">\r\n\t\t\t\t<div class=\"bdp-post-margin-content\">\r\n\t\t\t\r\n\t\t\t<h2 class=\"bdp-post-title\">\r\n\t\t\t\t<a href=\"https:\/\/travel2.chipmunk.ch\/?p=177\">Cambridge &#8211; Tag 4 (23.09.2015)<\/a>\r\n\t\t\t<\/h2>\r\n\r\n\t\t\t\t\t\t\t<div class=\"bdp-post-meta\">\r\n\t\t\t\t\t\t\t\t\t\t\t\t\t\t\t\t\t\t\t\t\t<span class=\"bdp-post-meta-innr bdp-time\"> 23. September 2015 <\/span>\r\n\t\t\t\t\t\t\t\t\t\t\t\t\t\t\t\t\t\t\t<\/div>\r\n\t\t\t\t\t\t\t<div class=\"bdp-post-content\">\r\n\t\t\t\t\t<div class=\"bdp-post-short-content\">Versp\u00e4tungen Als ich heute Morgen nach draussen kam, schien zum ersten Mal seit ich hier war so richtig die Sonne....<\/div>\r\n\t\t\t\t\t\t\t\t\t\t\t<a href=\"https:\/\/travel2.chipmunk.ch\/?p=177\" class=\"bdp-readmorebtn\">Weiterlesen<\/a>\r\n\t\t\t\t\t\t\t\t\t<\/div>\r\n\t\t\t\t\t<\/div>\r\n\t<\/div>\r\n<\/div><div class=\"bdp-post-grid  bdp-medium-4 bdp-columns \">\t\t\r\n\t<div class=\"bdp-post-grid-content bdp-no-thumb-image\">\r\n\t\t\t\t<div class=\"bdp-post-margin-content\">\r\n\t\t\t\r\n\t\t\t<h2 class=\"bdp-post-title\">\r\n\t\t\t\t<a href=\"https:\/\/travel2.chipmunk.ch\/?p=125\">Cambridge &#8211; Tag 3 (22.09.2015)<\/a>\r\n\t\t\t<\/h2>\r\n\r\n\t\t\t\t\t\t\t<div class=\"bdp-post-meta\">\r\n\t\t\t\t\t\t\t\t\t\t\t\t\t\t\t\t\t\t\t\t\t<span class=\"bdp-post-meta-innr bdp-time\"> 22. September 2015 <\/span>\r\n\t\t\t\t\t\t\t\t\t\t\t\t\t\t\t\t\t\t\t<\/div>\r\n\t\t\t\t\t\t\t<div class=\"bdp-post-content\">\r\n\t\t\t\t\t<div class=\"bdp-post-short-content\">Die Sache mit den Bussen Auch heute Morgen sah es stark nach Regen aus, als ich mich auf den Weg...<\/div>\r\n\t\t\t\t\t\t\t\t\t\t\t<a href=\"https:\/\/travel2.chipmunk.ch\/?p=125\" class=\"bdp-readmorebtn\">Weiterlesen<\/a>\r\n\t\t\t\t\t\t\t\t\t<\/div>\r\n\t\t\t\t\t<\/div>\r\n\t<\/div>\r\n<\/div><div class=\"bdp-post-grid  bdp-medium-4 bdp-columns \">\t\t\r\n\t<div class=\"bdp-post-grid-content bdp-no-thumb-image\">\r\n\t\t\t\t<div class=\"bdp-post-margin-content\">\r\n\t\t\t\r\n\t\t\t<h2 class=\"bdp-post-title\">\r\n\t\t\t\t<a href=\"https:\/\/travel2.chipmunk.ch\/?p=123\">Cambridge &#8211; Tag 2 (21.09.2015)<\/a>\r\n\t\t\t<\/h2>\r\n\r\n\t\t\t\t\t\t\t<div class=\"bdp-post-meta\">\r\n\t\t\t\t\t\t\t\t\t\t\t\t\t\t\t\t\t\t\t\t\t<span class=\"bdp-post-meta-innr bdp-time\"> 21. September 2015 <\/span>\r\n\t\t\t\t\t\t\t\t\t\t\t\t\t\t\t\t\t\t\t<\/div>\r\n\t\t\t\t\t\t\t<div class=\"bdp-post-content\">\r\n\t\t\t\t\t<div class=\"bdp-post-short-content\">Cambridge Studio Als ich heute um 7.30 Uhr aufstand, war der Himmel wolkenverhangen und es sah nach Regen aus. Ciara...<\/div>\r\n\t\t\t\t\t\t\t\t\t\t\t<a href=\"https:\/\/travel2.chipmunk.ch\/?p=123\" class=\"bdp-readmorebtn\">Weiterlesen<\/a>\r\n\t\t\t\t\t\t\t\t\t<\/div>\r\n\t\t\t\t\t<\/div>\r\n\t<\/div>\r\n<\/div><div class=\"bdp-post-grid  bdp-medium-4 bdp-columns  bdp-first\">\t\t\r\n\t<div class=\"bdp-post-grid-content bdp-no-thumb-image\">\r\n\t\t\t\t<div class=\"bdp-post-margin-content\">\r\n\t\t\t\r\n\t\t\t<h2 class=\"bdp-post-title\">\r\n\t\t\t\t<a href=\"https:\/\/travel2.chipmunk.ch\/?p=120\">Cambridge &#8211; Tag 1 (20.09.2015)<\/a>\r\n\t\t\t<\/h2>\r\n\r\n\t\t\t\t\t\t\t<div class=\"bdp-post-meta\">\r\n\t\t\t\t\t\t\t\t\t\t\t\t\t\t\t\t\t\t\t\t\t<span class=\"bdp-post-meta-innr bdp-time\"> 20. September 2015 <\/span>\r\n\t\t\t\t\t\t\t\t\t\t\t\t\t\t\t\t\t\t\t<\/div>\r\n\t\t\t\t\t\t\t<div class=\"bdp-post-content\">\r\n\t\t\t\t\t<div class=\"bdp-post-short-content\">Die Ankunft Heute ist es endlich soweit nachdem wir solange auf unseren Sprachaufenthalt gewartet haben und auf alles hingefiebert haben,...<\/div>\r\n\t\t\t\t\t\t\t\t\t\t\t<a href=\"https:\/\/travel2.chipmunk.ch\/?p=120\" class=\"bdp-readmorebtn\">Weiterlesen<\/a>\r\n\t\t\t\t\t\t\t\t\t<\/div>\r\n\t\t\t\t\t<\/div>\r\n\t<\/div>\r\n<\/div><div class=\"bdp-post-grid  bdp-medium-4 bdp-columns \">\t\t\r\n\t<div class=\"bdp-post-grid-content bdp-no-thumb-image\">\r\n\t\t\t\t<div class=\"bdp-post-margin-content\">\r\n\t\t\t\r\n\t\t\t<h2 class=\"bdp-post-title\">\r\n\t\t\t\t<a href=\"https:\/\/travel2.chipmunk.ch\/?p=96\">Cambridge &#8211; Vorbereitung<\/a>\r\n\t\t\t<\/h2>\r\n\r\n\t\t\t\t\t\t\t<div class=\"bdp-post-meta\">\r\n\t\t\t\t\t\t\t\t\t\t\t\t\t\t\t\t\t\t\t\t\t<span class=\"bdp-post-meta-innr bdp-time\"> 19. September 2015 <\/span>\r\n\t\t\t\t\t\t\t\t\t\t\t\t\t\t\t\t\t\t\t<\/div>\r\n\t\t\t\t\t\t\t<div class=\"bdp-post-content\">\r\n\t\t\t\t\t<div class=\"bdp-post-short-content\">Morgen ist es soweit, dann fliege ich endlich zusammen mit meiner Klasse in den Sprachaufenthalt nach Cambridge. Zwei volle Wochen...<\/div>\r\n\t\t\t\t\t\t\t\t\t\t\t<a href=\"https:\/\/travel2.chipmunk.ch\/?p=96\" class=\"bdp-readmorebtn\">Weiterlesen<\/a>\r\n\t\t\t\t\t\t\t\t\t<\/div>\r\n\t\t\t\t\t<\/div>\r\n\t<\/div>\r\n<\/div><div class=\"bdp-post-grid  bdp-medium-4 bdp-columns \">\t\t\r\n\t<div class=\"bdp-post-grid-content bdp-no-thumb-image\">\r\n\t\t\t\t<div class=\"bdp-post-margin-content\">\r\n\t\t\t\r\n\t\t\t<h2 class=\"bdp-post-title\">\r\n\t\t\t\t<a href=\"https:\/\/travel2.chipmunk.ch\/?p=503\">Irland &#8211; R\u00fcckblick<\/a>\r\n\t\t\t<\/h2>\r\n\r\n\t\t\t\t\t\t\t<div class=\"bdp-post-meta\">\r\n\t\t\t\t\t\t\t\t\t\t\t\t\t\t\t\t\t\t\t\t\t<span class=\"bdp-post-meta-innr bdp-time\"> 30. August 2015 <\/span>\r\n\t\t\t\t\t\t\t\t\t\t\t\t\t\t\t\t\t\t\t<\/div>\r\n\t\t\t\t\t\t\t<div class=\"bdp-post-content\">\r\n\t\t\t\t\t<div class=\"bdp-post-short-content\">Ich bin jetzt schon seit knapp einem Monat wieder zu Hause. Der Alltag hat mich schon wieder fest im Griff....<\/div>\r\n\t\t\t\t\t\t\t\t\t\t\t<a href=\"https:\/\/travel2.chipmunk.ch\/?p=503\" class=\"bdp-readmorebtn\">Weiterlesen<\/a>\r\n\t\t\t\t\t\t\t\t\t<\/div>\r\n\t\t\t\t\t<\/div>\r\n\t<\/div>\r\n<\/div><div class=\"bdp-post-grid  bdp-medium-4 bdp-columns  bdp-first\">\t\t\r\n\t<div class=\"bdp-post-grid-content bdp-no-thumb-image\">\r\n\t\t\t\t<div class=\"bdp-post-margin-content\">\r\n\t\t\t\r\n\t\t\t<h2 class=\"bdp-post-title\">\r\n\t\t\t\t<a href=\"https:\/\/travel2.chipmunk.ch\/?p=501\">Irland &#8211; Freitag 31.7.15<\/a>\r\n\t\t\t<\/h2>\r\n\r\n\t\t\t\t\t\t\t<div class=\"bdp-post-meta\">\r\n\t\t\t\t\t\t\t\t\t\t\t\t\t\t\t\t\t\t\t\t\t<span class=\"bdp-post-meta-innr bdp-time\"> 31. Juli 2015 <\/span>\r\n\t\t\t\t\t\t\t\t\t\t\t\t\t\t\t\t\t\t\t<\/div>\r\n\t\t\t\t\t\t\t<div class=\"bdp-post-content\">\r\n\t\t\t\t\t<div class=\"bdp-post-short-content\">F\u00fcr meinen Geschmack viel zu fr\u00fch, klingelte am n\u00e4chsten Morgen der Wecker. Unser Flug ging zwar erst um 11.15 Uhr,...<\/div>\r\n\t\t\t\t\t\t\t\t\t\t\t<a href=\"https:\/\/travel2.chipmunk.ch\/?p=501\" class=\"bdp-readmorebtn\">Weiterlesen<\/a>\r\n\t\t\t\t\t\t\t\t\t<\/div>\r\n\t\t\t\t\t<\/div>\r\n\t<\/div>\r\n<\/div><div class=\"bdp-post-grid  bdp-medium-4 bdp-columns \">\t\t\r\n\t<div class=\"bdp-post-grid-content bdp-no-thumb-image\">\r\n\t\t\t\t<div class=\"bdp-post-margin-content\">\r\n\t\t\t\r\n\t\t\t<h2 class=\"bdp-post-title\">\r\n\t\t\t\t<a href=\"https:\/\/travel2.chipmunk.ch\/?p=499\">Irland &#8211; Donnerstag 30.7.15<\/a>\r\n\t\t\t<\/h2>\r\n\r\n\t\t\t\t\t\t\t<div class=\"bdp-post-meta\">\r\n\t\t\t\t\t\t\t\t\t\t\t\t\t\t\t\t\t\t\t\t\t<span class=\"bdp-post-meta-innr bdp-time\"> 30. Juli 2015 <\/span>\r\n\t\t\t\t\t\t\t\t\t\t\t\t\t\t\t\t\t\t\t<\/div>\r\n\t\t\t\t\t\t\t<div class=\"bdp-post-content\">\r\n\t\t\t\t\t<div class=\"bdp-post-short-content\">Heute mussten wir relativ fr\u00fch aufstehen, denn heute ging es zur\u00fcck nach Dublin, wo wir den letzten Tag vor dem...<\/div>\r\n\t\t\t\t\t\t\t\t\t\t\t<a href=\"https:\/\/travel2.chipmunk.ch\/?p=499\" class=\"bdp-readmorebtn\">Weiterlesen<\/a>\r\n\t\t\t\t\t\t\t\t\t<\/div>\r\n\t\t\t\t\t<\/div>\r\n\t<\/div>\r\n<\/div><div class=\"bdp-post-grid  bdp-medium-4 bdp-columns \">\t\t\r\n\t<div class=\"bdp-post-grid-content bdp-no-thumb-image\">\r\n\t\t\t\t<div class=\"bdp-post-margin-content\">\r\n\t\t\t\r\n\t\t\t<h2 class=\"bdp-post-title\">\r\n\t\t\t\t<a href=\"https:\/\/travel2.chipmunk.ch\/?p=497\">Irland &#8211; Mittwoch 29.7.15<\/a>\r\n\t\t\t<\/h2>\r\n\r\n\t\t\t\t\t\t\t<div class=\"bdp-post-meta\">\r\n\t\t\t\t\t\t\t\t\t\t\t\t\t\t\t\t\t\t\t\t\t<span class=\"bdp-post-meta-innr bdp-time\"> 29. Juli 2015 <\/span>\r\n\t\t\t\t\t\t\t\t\t\t\t\t\t\t\t\t\t\t\t<\/div>\r\n\t\t\t\t\t\t\t<div class=\"bdp-post-content\">\r\n\t\t\t\t\t<div class=\"bdp-post-short-content\">Als ich heute Morgen wach wurde, war es schon nach 10.00 Uhr. Fabian schlief noch und Mami und Papi machten...<\/div>\r\n\t\t\t\t\t\t\t\t\t\t\t<a href=\"https:\/\/travel2.chipmunk.ch\/?p=497\" class=\"bdp-readmorebtn\">Weiterlesen<\/a>\r\n\t\t\t\t\t\t\t\t\t<\/div>\r\n\t\t\t\t\t<\/div>\r\n\t<\/div>\r\n<\/div><div class=\"bdp-post-grid  bdp-medium-4 bdp-columns  bdp-first\">\t\t\r\n\t<div class=\"bdp-post-grid-content bdp-no-thumb-image\">\r\n\t\t\t\t<div class=\"bdp-post-margin-content\">\r\n\t\t\t\r\n\t\t\t<h2 class=\"bdp-post-title\">\r\n\t\t\t\t<a href=\"https:\/\/travel2.chipmunk.ch\/?p=495\">Irland &#8211; Dienstag 28.7.15<\/a>\r\n\t\t\t<\/h2>\r\n\r\n\t\t\t\t\t\t\t<div class=\"bdp-post-meta\">\r\n\t\t\t\t\t\t\t\t\t\t\t\t\t\t\t\t\t\t\t\t\t<span class=\"bdp-post-meta-innr bdp-time\"> 28. Juli 2015 <\/span>\r\n\t\t\t\t\t\t\t\t\t\t\t\t\t\t\t\t\t\t\t<\/div>\r\n\t\t\t\t\t\t\t<div class=\"bdp-post-content\">\r\n\t\t\t\t\t<div class=\"bdp-post-short-content\">Heute sind wir verh\u00e4ltnissm\u00e4ssig fr\u00fch los. Ca. um 10.00 Uhr waren wir Abmarsch bereit. So stiegen wir also ins Auto...<\/div>\r\n\t\t\t\t\t\t\t\t\t\t\t<a href=\"https:\/\/travel2.chipmunk.ch\/?p=495\" class=\"bdp-readmorebtn\">Weiterlesen<\/a>\r\n\t\t\t\t\t\t\t\t\t<\/div>\r\n\t\t\t\t\t<\/div>\r\n\t<\/div>\r\n<\/div><div class=\"bdp-post-grid  bdp-medium-4 bdp-columns \">\t\t\r\n\t<div class=\"bdp-post-grid-content bdp-no-thumb-image\">\r\n\t\t\t\t<div class=\"bdp-post-margin-content\">\r\n\t\t\t\r\n\t\t\t<h2 class=\"bdp-post-title\">\r\n\t\t\t\t<a href=\"https:\/\/travel2.chipmunk.ch\/?p=493\">Irland &#8211; Montag 27.7.15<\/a>\r\n\t\t\t<\/h2>\r\n\r\n\t\t\t\t\t\t\t<div class=\"bdp-post-meta\">\r\n\t\t\t\t\t\t\t\t\t\t\t\t\t\t\t\t\t\t\t\t\t<span class=\"bdp-post-meta-innr bdp-time\"> 27. Juli 2015 <\/span>\r\n\t\t\t\t\t\t\t\t\t\t\t\t\t\t\t\t\t\t\t<\/div>\r\n\t\t\t\t\t\t\t<div class=\"bdp-post-content\">\r\n\t\t\t\t\t<div class=\"bdp-post-short-content\">Als ich aufwachte, regnete es. Als wir losfuhren, regnete es. Wobei Regen eigentlich zu viel gesagt ist. Vielmehr nieselte es,...<\/div>\r\n\t\t\t\t\t\t\t\t\t\t\t<a href=\"https:\/\/travel2.chipmunk.ch\/?p=493\" class=\"bdp-readmorebtn\">Weiterlesen<\/a>\r\n\t\t\t\t\t\t\t\t\t<\/div>\r\n\t\t\t\t\t<\/div>\r\n\t<\/div>\r\n<\/div><div class=\"bdp-post-grid  bdp-medium-4 bdp-columns \">\t\t\r\n\t<div class=\"bdp-post-grid-content bdp-no-thumb-image\">\r\n\t\t\t\t<div class=\"bdp-post-margin-content\">\r\n\t\t\t\r\n\t\t\t<h2 class=\"bdp-post-title\">\r\n\t\t\t\t<a href=\"https:\/\/travel2.chipmunk.ch\/?p=491\">Irland &#8211; Sonntag 26.7.15<\/a>\r\n\t\t\t<\/h2>\r\n\r\n\t\t\t\t\t\t\t<div class=\"bdp-post-meta\">\r\n\t\t\t\t\t\t\t\t\t\t\t\t\t\t\t\t\t\t\t\t\t<span class=\"bdp-post-meta-innr bdp-time\"> 26. Juli 2015 <\/span>\r\n\t\t\t\t\t\t\t\t\t\t\t\t\t\t\t\t\t\t\t<\/div>\r\n\t\t\t\t\t\t\t<div class=\"bdp-post-content\">\r\n\t\t\t\t\t<div class=\"bdp-post-short-content\">Als ich heute Morgen aufwachte, regnete es. Mal wieder. Und wie schon \u00f6fters hier in Irland, war es, als wir...<\/div>\r\n\t\t\t\t\t\t\t\t\t\t\t<a href=\"https:\/\/travel2.chipmunk.ch\/?p=491\" class=\"bdp-readmorebtn\">Weiterlesen<\/a>\r\n\t\t\t\t\t\t\t\t\t<\/div>\r\n\t\t\t\t\t<\/div>\r\n\t<\/div>\r\n<\/div>\t\t<\/div>\r\n\r\n\t\t\t\t\t<div class=\"bdp-post-pagination bdp-clearfix\">\r\n\t\t\t\t<span aria-current=\"page\" class=\"page-numbers current\">1<\/span>\n<a class=\"page-numbers\" href=\"https:\/\/travel2.chipmunk.ch\/index.php?rest_route=%2Fwp%2Fv2%2Fpages%2F1890&#038;paged=2\">2<\/a>\n<a class=\"page-numbers\" href=\"https:\/\/travel2.chipmunk.ch\/index.php?rest_route=%2Fwp%2Fv2%2Fpages%2F1890&#038;paged=3\">3<\/a>\n<a class=\"next page-numbers\" href=\"https:\/\/travel2.chipmunk.ch\/index.php?rest_route=%2Fwp%2Fv2%2Fpages%2F1890&#038;paged=2\">N\u00e4chste \u00bb &raquo;<\/a>\t\t\t<\/div>\r\n\t\t\n\n\n<p><\/p>\n","protected":false},"excerpt":{"rendered":"","protected":false},"author":2,"featured_media":1940,"parent":1873,"menu_order":0,"comment_status":"closed","ping_status":"closed","template":"","meta":[],"_links":{"self":[{"href":"https:\/\/travel2.chipmunk.ch\/index.php?rest_route=\/wp\/v2\/pages\/1890"}],"collection":[{"href":"https:\/\/travel2.chipmunk.ch\/index.php?rest_route=\/wp\/v2\/pages"}],"about":[{"href":"https:\/\/travel2.chipmunk.ch\/index.php?rest_route=\/wp\/v2\/types\/page"}],"author":[{"embeddable":true,"href":"https:\/\/travel2.chipmunk.ch\/index.php?rest_route=\/wp\/v2\/users\/2"}],"replies":[{"embeddable":true,"href":"https:\/\/travel2.chipmunk.ch\/index.php?rest_route=%2Fwp%2Fv2%2Fcomments&post=1890"}],"version-history":[{"count":3,"href":"https:\/\/travel2.chipmunk.ch\/index.php?rest_route=\/wp\/v2\/pages\/1890\/revisions"}],"predecessor-version":[{"id":1945,"href":"https:\/\/travel2.chipmunk.ch\/index.php?rest_route=\/wp\/v2\/pages\/1890\/revisions\/1945"}],"up":[{"embeddable":true,"href":"https:\/\/travel2.chipmunk.ch\/index.php?rest_route=\/wp\/v2\/pages\/1873"}],"wp:featuredmedia":[{"embeddable":true,"href":"https:\/\/travel2.chipmunk.ch\/index.php?rest_route=\/wp\/v2\/media\/1940"}],"wp:attachment":[{"href":"https:\/\/travel2.chipmunk.ch\/index.php?rest_route=%2Fwp%2Fv2%2Fmedia&parent=1890"}],"curies":[{"name":"wp","href":"https:\/\/api.w.org\/{rel}","templated":true}]}}